 digit of ((-24)/(-15))/((-33)/(-30) - 1)?
1
Let r = 8 - 11. Let k(m) = -2*m**3 - 3*m**2 + 4*m + 2. What is the tens digit of k(r)?
1
Let q(b) = b**3 - 6*b**2 + 3*b - 5. Let x be q(6). Let d = -7 + x. Suppose 5*h - d = 2*h. What is the units digit of h?
2
Let r be 15/9 - (-2)/(-3). Let h be (r - 3)*-14 - 1. Suppose 3 = 5*i - h. What is the units digit of i?
6
Let f be ((-2)/3)/(6/9). Let r = 0 - f. What is the units digit of r?
1
Let k = 10 - 13. Let z = k + 12. What is the units digit of z?
9
What is the tens digit of -18*((-21)/6 - 1)?
8
Let s = 114 - 58. What is the tens digit of s?
5
Let x = 17 + -28. Let q = x - -24. What is the tens digit of q?
1
Let z(c) be the first derivative of -2 - 1/3*c**3 - 2*c - 4*c**2. What is the units digit of z(-7)?
5
Let b(w) = -3*w + 38. What is the units digit of b(0)?
8
Suppose 2*t + 2*t + 47 = -5*r, 46 = -5*t - 2*r. Let n be 4*((-22)/t - 2). Suppose -n*w + w = -22. What is the tens digit of w?
1
Let f(x) = 2*x**3 - 3*x**2 - x + 2. Let g be f(2). Suppose -5*m - 10 = -4*n, -g*n = -26 + 6. Suppose 0 = -m*o + 2. What is the units digit of o?
1
Let r(l) = l**2 + 4*l - 6. Let v be r(-5). Let n be 1/5 - (-24)/5. What is the units digit of v*11*(n + -6)?
1
Let w be (-2 - (-1 + 2)) + 39. What is the tens digit of (-15)/1*w/(-45)?
1
Let d(j) = j**2 + 4*j + 6. Let t be d(-6). Suppose -v - t = -f + 2*v, -4*f + 5*v + 44 = 0. What is the units digit of f?
6
Let n(q) = -48*q**3 - 8*q**2 + 3*q + 5. Let z(k) = 16*k**3 + 3*k**2 - k - 2. Let f(y) = -3*n(y) - 8*z(y). What is the units digit of f(1)?
6
Suppose -y - 140 = -3*i + 29, -y = -5*i + 281. What is the units digit of i?
6
Let f = 12 + -7. Suppose 9 = f*b - 3*p, 2*p + 2*p = 4*b - 4. Suppose -2*i + 16 = 5*x, -i - b = -2*i. What is the units digit of x?
2
Let s(r) = 7*r - 46. What is the tens digit of s(19)?
8
Let j(n) = 3*n + 4. What is the units digit of j(17)?
5
Let n(f) = 2*f**2 - 3*f + 2. Let y(r) = -r**3 + 6*r**2 - r + 8. Let b be y(6). What is the units digit of n(b)?
4
Suppose -2*u + 7*u + 5 = 0. Let m = 4 - u. What is the units digit of m?
5
Suppose -5*y + 11 = 3*z, 5*z + 2 = y + 11. Let m(r) = z*r**2 - r + 2 + 5*r - r. What is the units digit of m(-2)?
4
Let h = 97 + 31. What is the units digit of h?
8
Let l = 258 - 176. What is the units digit of l?
2
Let z = 17 + -20. Let a = 66 - 148. What is the tens digit of a/(-8) + z/12?
1
Let x(j) = -7*j - 2. Let s(y) = -y**2 + 2. Let r be s(2). What is the units digit of x(r)?
2
Suppose -5*q = 2*n + n - 208, 2*q - 84 = -2*n. What is the tens digit of q?
4
Suppose 5*p - 19 = 31. Suppose 3*f - f = 38. Let o = f - p. What is the units digit of o?
9
Suppose 6*x - 358 = 20. What is the units digit of x?
3
Let r(x) be the third derivative of 0*x + 0 + 1/6*x**4 - 3*x**2 + 1/3*x**3. What is the units digit of r(3)?
4
Let x = -87 + 283. What is the hundreds digit of x?
1
Let m be (-9)/(-6)*2/(-3). Let d = 0 - m. Let x = d - -6. What is the units digit of x?
7
Suppose -4 = -3*v + 11. Let a be v - (-2 + (-1)/(-1)). Let x = a - 2. What is the units digit of x?
4
Let t(k) = k**2 + 16. Let i be t(0). Suppose 3*s - 1 = -i. What is the units digit of (16/10)/((-1)/s)?
8
Suppose -3*m = -0*m. Suppose 0 = s - 4*l + 3, m = -2*s - 3*l + 20 + 7. What is the units digit of (6/s)/((-2)/(-27))?
9
Suppose -2*t + 2 = -c, 4*c = 3*t - 5 - 8. What is the units digit of 3/(-3)*(t + -7)?
8
Let m(q) = q**2 + q - 8. Let l be m(6). Suppose 2*n + i - 9 = l, -2*i = n - 23. What is the units digit of n?
1
Let o be 136/(-14) - (-16)/(-56). Let y(w) = w**2 + 10*w + 11. What is the tens digit of y(o)?
1
Let i(a) be the third derivative of 1/20*a**5 - a**2 + 0 + 0*a - 1/24*a**4 - 1/3*a**3. What is the units digit of i(2)?
8
Let h(o) = -11*o - 14. Let a be h(-15). Let r = a - 106. What is the tens digit of r?
4
Let w = -5 - -6. Suppose -7 - w = -s. What is the units digit of s?
8
Suppose 59 = m - 0*m + 2*b, 5*b - 15 = 0. What is the tens digit of m?
5
Suppose 3*w - 4*f = 373, -4*w + 262 = -2*w + 4*f. What is the units digit of w?
7
Let z(u) = -u**3 + 4*u**2 + 4*u + 12. Let v be z(5). Suppose 0 = -3*x + v + 17. What is the units digit of x?
8
What is the units digit of (-1 - 2)*640/(-30)?
4
Suppose w + 2*o + 3 + 2 = 0, 0 = 4*w + 5*o + 20. Let l(m) = -2*m + 3. Let h be l(w). What is the tens digit of -3 + 3/(3/h)?
1
Let m(k) = -3*k**3 + 13*k**2 - 5*k + 15. Let j(o) = -2*o**3 + 7*o**2 - 3*o + 8. Let f(v) = -5*j(v) + 3*m(v). What is the units digit of f(-4)?
5
Let y(k) = k**2 - 7*k + 5. Let o be y(6). Let u be o - (4/(-2) - -3). What is the units digit of (-17)/u - 4/8?
8
Suppose -a + 2*v = -45, -13 = -5*a + 3*v + 191. Suppose 5*c - 11 = a. What is the units digit of c?
0
Let a = 0 + -10. Let b = 1 - a. What is the units digit of b?
1
Suppose -7*j + 15 = -2*j, -5*c = -j - 142. What is the units digit of c?
9
Suppose 3*c - 6 - 3 = 0. Suppose -5*k = -3*h + h - 57, -14 = -2*k + c*h. Suppose 4*d + 0*d + 3*g = 13, -d - 4*g - k = 0. What is the units digit of d?
7
Let v be (-2)/9 + (-904)/(-18). Suppose 3*k - 3*o - 195 = -k, k - v = o. Suppose -5*n + 3 = f - 0*n, 5*f = 5*n + k. What is the units digit of f?
8
Let x = 7 + -9. Let u be 11/x - 4/8. What is the units digit of -1 + 3*(-14)/u?
6
Let l = 6 - 4. Suppose o - l*o + 11 = 0. What is the tens digit of o?
1
Suppose 82 = 3*w + 28. Suppose 3*m + 6 - w = 0. What is the units digit of m?
4
Suppose 5*d = -4*b + 153, -15 = -b + 6*b. Suppose -3*a + d + 1 = 5*l, -4*a = l - 17. What is the units digit of a?
3
Let z = 325 - 60. What is the tens digit of z?
6
Let i be (1/(-1))/((-1)/5). Suppose 0 = -3*q - 5 - 1, u - i*q - 65 = 0. Suppose -2*v + 25 = 3*m + 3, -5*v + 4*m + u = 0. What is the units digit of v?
1
Suppose -5*l = -5*h + 5, 9*h - 4*h = -5*l - 35. What is the tens digit of 70/6 - l/(-6)?
1
What is the units digit of 5/20 + (-141)/(-12)?
2
Let a(n) = -n**3 + 11*n**2 - 15*n + 9. What is the tens digit of a(5)?
8
Suppose 3*g - 6 = -5*i, 2*g + 7 = -2*i + 15. Suppose -g*x = -2*x - 85. What is the tens digit of x?
1
Suppose -4*k = 5*i - 1310 + 426, 0 = -4*i + 3*k + 701. What is the hundreds digit of i?
1
Let x be (-5)/(5/8)*1. Suppose 4*q = q - 192. What is the units digit of (2/4)/(x/q)?
4
Suppose 0 = 4*w + 5*g - 52, 2*w - 11 - 21 = -4*g. What is the units digit of w?
8
Let m be 5 + -3 + -5 - 2. Let n(r) = -2*r - 7. What is the units digit of n(m)?
3
Let f be 0/2 + (0 - 3). Let j = -1 - f. What is the units digit of j?
2
Let a(i) = i**3 + i + 2. Let s be a(0). Suppose y = -s + 9. What is the units digit of y?
7
Suppose 0 = -3*q + 118 + 62. What is the units digit of q?
0
Suppose -4*y = -2*t - 16, -3*y + 0*t + t = -13. Suppose -6*h - 15 = -3*h, -o = 3*h + y. What is the units digit of o?
0
What is the units digit of (-10 + 349)*(-1 - -2)?
9
Let u be 33/(-12) - (-2)/(-8). What is the units digit of 2 + u + 1*11?
0
Suppose -r + 3 = 7. Let m = r + 7. What is the units digit of m?
3
Let x(u) = -u**2 - 14*u - 5. Let h = 1 + -10. What is the tens digit of x(h)?
4
Suppose a + a = 66. Let t = -12 + a. Suppose -t = -5*u + l, u + 3*u = -l + 24. What is the units digit of u?
5
Suppose 0 = -3*l - 9 + 42. Let o = -2 + l. What is the units digit of o?
9
Let h be (1 + 9)/(1/12). Let r = h - 46. Suppose -23 = 3*a - r. What is the units digit of a?
7
Let g = 22 + 1. What is the tens digit of g?
2
Let h = -14 + 9. Let m = h - -10. What is the units digit of m?
5
Suppose 5*u - 817 + 89 = -i, -3*i - 444 = -3*u. What is the tens digit of u?
4
Let n(l) = -l - 11. What is the units digit of n(-12)?
1
Let g = 3 + 0. Suppose -8 = -2*q + 4*u + 2, g*q + 3*u = 15. Suppose -h + 10 = 2*k - 5*h, -3*k + q = 4*h. What is the units digit of k?
3
Let t be (12/10)/((-1)/(-5)). Suppose -2*a + t = -a. What is the units digit of 50/a + 8/12?
9
Suppose -4*b + 148 = 5*j, -5*b + 214 = -j - 0*j. Let g = -15 + b. What is the tens digit of g?
2
Suppose -8*i = -3*i - 1165. What is the hundreds digit of i?
2
Suppose -35 = -5*t + 5*s, 10 = t - 3*s - 1. Let x(w) = w**2 - w - 4. Let l be x(t). What is the units digit of 1/(-1 + l/14)?
7
Let t be (4/3)/((-10)/(-165)). Suppose -t = -6*n + 4*n. What is the units digit of n?
1
Let r(b) = b**2 + b. Let f(v) = -4*v**2 + 5*v - 6. Let w(k) = f(k) + 5*r(k). Let j be w(-10). Let z = j - -10. What is the units digit of z?
4
Let w